) = 2*u**3 + 37*u**2 - 80*u + 20. Determine f(-14).
2904
Let j(y) = -562*y - 129830. Give j(-231).
-8
Let c(g) = g**3 - 163*g**2 + 1971*g - 237. Determine c(13).
36
Let k(v) = -4452*v - 227059. What is k(-51)?
-7
Let s(m) = m**3 - 14*m**2 - 2*m - 258. Give s(15).
-63
Let n(x) = 8*x**2 + 2072*x + 132885. Determine n(-142).
-27
Let v(y) = 7*y**2 + 159*y - 630. What is v(8)?
1090
Let r(y) = 5*y**2 - 631*y - 2508. Give r(-4).
96
Let n(t) = t**3 - 131*t**2 - 870*t + 97421. Determine n(132).
5
Let r(v) = 170*v**2 - 1865*v - 56. Give r(11).
-1
Let j(s) = 14*s**3 + 16216*s**2 + 4583*s - 56737. What is j(-1158)?
5
Let k(a) = -12243*a + 24278. Calculate k(2).
-208
Let w(b) = 260365*b - 781087. Determine w(3).
8
Let v(f) = -36*f**2 - 506*f + 364. What is v(-15)?
-146
Let a(d) = -26*d**2 - 3309*d - 663. Determine a(-127).
226
Let s(x) = -47417*x + 1754506. Calculate s(37).
77
Let c(z) = -z**3 + 61*z**2 + 10409*z - 160. Give c(-76).
68
Let i(o) = o**3 + 24*o**2 - 140*o - 3034. Give i(-24).
326
Let u(i) = 133092*i + 266177. Determine u(-2).
-7
Let s(z) = 612*z - 4213. Determine s(7).
71
Let l(i) = 717*i - 76210. What is l(105)?
-925
Let g(t) = -41003*t + 164003. What is g(4)?
-9
Let q(c) = -119*c + 2799. Determine q(2).
2561
Let y(q) = -3*q**3 - 162*q**2 + 341*q + 304. What is y(-56)?
24
Let a(f) = -76*f**2 + 2183*f + 459. Calculate a(29).
-150
Let z(u) = -1140*u - 58885. Determine z(-52).
395
Let z(f) = -1786588*f - 10719525. What is z(-6)?
3
Let w(d) = -d**3 - 109*d**2 + 122*d - 364. Determine w(-110).
-1684
Let u(k) = 191*k + 17237. Calculate u(-90).
47
Let x(h) = h**3 - 13*h**2 - 1159*h + 9586. Determine x(8).
-6
Let a(l) = -35*l**2 + 11568*l + 40749. Determine a(334).
1
Let x(q) = 1028*q**2 - 7268*q + 541. What is x(7)?
37
Let a(g) = -10*g**3 - 167*g**2 - 114*g - 2838. Calculate a(-17).
-33
Let r(t) = 46*t - 2319. Determine r(26).
-1123
Let n(w) = -w**2 + 767*w + 19456. Calculate n(-25).
-344
Let g(u) = -2*u**3 + 9*u**2 + 15810*u - 47458. Determine g(3).
-1
Let k(b) = 5*b**3 + 63*b**2 - 348*b - 4498. Determine k(-13).
-312
Let o(b) = b**3 + 91*b**2 + 533*b + 48495. Give o(-91).
-8
Let a(s) = -254*s**2 - 3369*s - 859. What is a(-13)?
12
Let j(x) = -x**3 + 63*x**2 + 709*x + 7. Determine j(-10).
217
Let m(w) = 21*w**2 - 13*w + 195. Give m(7).
1133
Let y(r) = -310*r**3 + 610*r**2 + 8*r - 2. Determine y(2).
-26
Let j(n) = n**3 + 65*n**2 - 130*n + 260. Give j(-67).
-8
Let x(p) = -15*p**2 + 2226*p - 1073. Give x(148).
-185
Let i(w) = -2*w**2 + 322*w - 26. Calculate i(156).
1534
Let a(x) = -3*x**2 + 404*x - 13615. Calculate a(67).
-14
Let z(h) = 26*h**2 - 1296*h + 43. Give z(49).
-1035
Let z(u) = u**2 + 49*u - 596. Determine z(11).
64
Let l(g) = -196*g + 4135. Determine l(9).
2371
Let i(o) = -55202*o - 938440. Give i(-17).
-6
Let g(s) = -196*s**3 - 37*s**2 + 40*s - 5. Give g(1).
-198
Let n(c) = 7*c**2 + 90*c - 847. Give n(-19).
-30
Let t(z) = -2*z**2 + 244*z - 6374. Calculate t(41).
268
Let j(c) = -c**2 + 672*c - 82452. Determine j(161).
-181
Let j(r) = 17737*r + 354733. Determine j(-20).
-7
Let a(w) = 11030*w - 220676. What is a(20)?
-76
Let x(t) = 2*t**3 - 3160*t**2 + 31383*t + 177. Give x(10).
7
Let d(b) = b**2 - 187*b + 7864. What is d(124)?
52
Let l(d) = -d**3 - 62*d**2 - 65*d - 174. Give l(-61).
70
Let u(y) = -25*y**2 - 530*y + 2744. What is u(5)?
-531
Let h(k) = -19*k**2 + 433*k - 48. Calculate h(20).
1012
Let o(u) = 306*u - 19046. What is o(62)?
-74
Let v(u) = -151*u**2 + 10*u + 35. Determine v(-2).
-589
Let r(x) = x**3 - 428*x**2 - 502*x + 31321. Determine r(429).
4
Let v(y) = 4173*y - 33224. What is v(8)?
160
Let d(t) = t**3 - 16*t**2 + 297*t - 4293. Give d(15).
-63
Let n(c) = 2221*c - 17712. Determine n(8).
56
Let c(r) = 30*r + 800. What is c(-29)?
-70
Let g(q) = -2*q**3 + 69*q**2 - 609*q + 357. Give g(15).
-3
Let h(t) = 3*t**2 + 654*t - 30991. Calculate h(40).
-31
Let o(v) = 105*v**2 - 6821*v - 172. Give o(65).
88
Let b(n) = -29*n + 6267. Calculate b(189).
786
Let u(p) = p**3 - 38*p**2 - 2764*p + 105. Determine u(-37).
-302
Let h(a) = 24*a**2 + 10303*a + 103496. What is h(-419)?
3
Let s(b) = 14*b**2 - 166*b + 124. Give s(14).
544
Let i(u) = 4*u**3 + 8*u**2 - 228*u + 53. What is i(7)?
221
Let k(w) = -w**2 - 2776*w - 93215. What is k(-34)?
13
Let v(x) = -36*x**2 - 1889*x - 16931. Give v(-41).
2
Let u(r) = -527*r**2 - 65766*r + 13658. Calculate u(-125).
33
Let o(n) = -n**3 + 54*n**2 + 6321*n + 435. Give o(111).
-231
Let u(h) = 9137*h + 44198. Determine u(-5).
-1487
Let k(i) = i**3 - 67*i**2 - 196*i - 1022. Give k(70).
-42
Let i(s) = -255*s**3 - 4332*s**2 + 57*s + 130. What is i(-17)?
28
Let k(h) = -5*h**2 + 87156*h - 174311. Determine k(2).
-19
Let c(o) = 5795*o + 57912. Determine c(-10).
-38
Let m(a) = 646*a - 6668. What is m(11)?
438
Let j(h) = -4*h**2 + 124*h + 348. What is j(-4)?
-212
Let h(m) = -m**3 + 61*m**2 - 174*m + 475. What is h(58)?
475
Let g(v) = -v**2 - 322*v - 21038. What is g(-91)?
-17
Let r(n) = -10*n**2 + 1215*n + 1781. Determine r(123).
-64
Let c(z) = -695483*z + 3477418. Determine c(5).
3
Let g(b) = 215991*b - 8855633. Determine g(41).
-2
Let d(c) = c**3 - 48*c**2 + 28*c + 641. Calculate d(48).
1985
Let x(n) = -16*n**3 - 1761*n**2 - 113*n - 341. Calculate x(-110).
-11
Let x(m) = -4609*m**2 + 4615*m + 2. Give x(1).
8
Let v(j) = j**3 - 20*j**2 - 346*j + 6901. Calculate v(21).
76
Let f(u) = 25275*u - 101129. What is f(4)?
-29
Let r(q) = 375*q**3 + 2*q**2 - 231*q + 233. What is r(1)?
379
Let i(l) = -l**2 + 364464*l + 3644736. What is i(-10)?
-4
Let i(f) = -f**3 + 32*f**2 + 82*f - 2629. Determine i(32).
-5
Let d(j) = 4*j**2 + 11*j - 1858. What is d(-25)?
367
Let l(j) = -4398*j**2 + 2163819*j - 1482. Give l(492).
-6
Let x(c) = -4*c**2 - 2509*c + 62548. What is x(24)?
28
Let d(v) = 1767*v**2 + 720935*v - 504. Determine d(-408).
-96
Let i(v) = -3241*v - 193571. Determine i(-60).
889
Let z(w) = -2*w**2 + 172*w + 3135. Determine z(-15).
105
Let t(m) = 4*m**3 + 143*m**2 + 170*m + 7441. Determine t(-36).
25
Let z(f) = f**2 + 140*f + 3409. Calculate z(-104).
-335
Let q(i) = 115*i**2 + 415*i - 76192. Calculate q(24).
8
Let d(z) = -z**2 - 1898*z - 298446. What is d(-173)?
-21
Let z(y) = -y**3 + 204*y**2 - 72*y + 14691. What is z(204)?
3
Let c(m) = -3*m**3 - 58*m**2 - 278*m + 12. Give c(-14).
768
Let v(z) = 994*z + 400578. Determine v(-403).
-4
Let l(k) = -k**3 + 311*k**2 - 7733*k + 2404970. Determine l(311).
7
Let a(i) = -4*i**3 - 1103*i**2 - 817*i + 2155. Determine a(-275).
-45
Let n(s) = 6*s**2 - 744*s - 31288. Calculate n(157).
-202
Let r(o) = -12418*o**2 + 422213*o - 29. What is r(34)?
5
Let i(b) = 5079*b + 15075. Determine i(-3).
-162
Let t(m) = -218417*m - 218433. What is t(-1)?
-16
Let p(i) = 2020*i + 141403. Calculate p(-70).
3
Let u(b) = -b**3 + 127*b**2 - 3042*b + 46. Calculate u(32).
-18
Let q(i) = -6*i**3 + 79*i**2 + 122*i + 648. Give q(15).
3
Let p(r) = -39229*r + 235140. Give p(6).
-234
Let o(u) = 43*u + 4344. Determine o(-104).
-128
Let s(j) = -618*j - 58727. Determine s(-95).
-17
Let c(h) = 17157*h - 6159358. Calculate c(359).
5
Let u(y) = -y**2 + 373*y - 7887. Calculate u(23).
163
Let u(d) = -d**2 - 100*d + 10262. Determine u(63).
-7
Let g(q) = -9*q**2 - 357*q + 4041. Give g(12).
-1539
Let n(x) = -x**2 + 2238*x - 888569. Give n(516).
-17
Let z(b) = b**3 - 337*b**2 + 826*b - 52011. Calculate z(335).
249
Let k(p) = -114*p**2 - 14707*p - 136. Calculate k(-129).
-7
Let r(c) = -c**3 + 79*c**2 + 3174*c - 3659. Give r(108).
877
Let y(l) = -l**2 - 1373*l - 19089. What is y(-14)?
-63
Let w(a) = a**3 - 18*a**2 + 547*a - 6326. Give w(13).
-60
Let n(z) = 8509*z + 510485. What is n(-60)?
-55
Let o(n) = -7*n**3 - 543*n**2 - 3181*n - 26863. What is o(-72)?
-7
Let c(y) = 8929*y - 206051. What is c(23)?
-684
Let a(q) = -114*q**3 - 156*q - 454. Give a(-3).
3092
Let f(k) = -4228*k + 80464. Calculate f(19).
132
Let z(n) = -n**2 + 200*n + 771. Calculate z(0).
771
Let u(n) = n**3 - 205*n**2 + 797*n + 1408. Determine u(201).
1
Let w(q) = -13379*q - 67013. Determine w(-5).
-118
Let k(t) = -t**3 + 11*t**2 + 28*t + 195. Determine k(14).
-1
Let h(s) = -595*s + 7724. Give h(13).
-11
Let c(g) = 359*g + 51011. Give c(-142).
33
Let w(i) = 527*i - 56899. What is w(108)?
17
Let g(c) = 421226*c - 842481. Give g(2).
-29
Let b(y) = 2*y**3 - 568*y**2 + 23780*y 